e millions digit of 1520600?
1
What is the tens digit of 5728384?
8
What is the tens digit of 5264483?
8
What is the hundreds digit of 952652?
6
What is the thousands digit of 1213217?
3
What is the ten thousands digit of 6262569?
6
What is the hundreds digit of 8671431?
4
What is the hundred thousands digit of 248084?
2
What is the ten millions digit of 35717268?
3
What is the thousands digit of 144695?
4
What is the thousands digit of 968968?
8
What is the units digit of 5737979?
9
What is the ten thousands digit of 160351?
6
What is the units digit of 322066?
6
What is the hundreds digit of 829004?
0
What is the ten thousands digit of 2061111?
6
What is the thousands digit of 345324?
5
What is the thousands digit of 664320?
4
What is the thousands digit of 51875?
1
What is the ten thousands digit of 1342970?
4
What is the tens digit of 8300680?
8
What is the hundreds digit of 1729147?
1
What is the ten thousands digit of 1292198?
9
What is the thousands digit of 5227726?
7
What is the hundreds digit of 2447932?
9
What is the units digit of 2208850?
0
What is the ten thousands digit of 51893?
5
What is the thousands digit of 1465065?
5
What is the ten millions digit of 13870197?
1
What is the thousands digit of 9987293?
7
What is the ten thousands digit of 12748?
1
What is the hundred thousands digit of 1287928?
2
What is the thousands digit of 249674?
9
What is the hundred thousands digit of 1876778?
8
What is the tens digit of 32984367?
6
What is the millions digit of 9530417?
9
What is the ten thousands digit of 10156?
1
What is the hundreds digit of 3137250?
2
What is the tens digit of 1481208?
0
What is the thousands digit of 883720?
3
What is the units digit of 117557?
7
What is the thousands digit of 1297396?
7
What is the tens digit of 119995?
9
What is the tens digit of 879322?
2
What is the ten thousands digit of 692631?
9
What is the hundred thousands digit of 211862?
2
What is the units digit of 1143256?
6
What is the hundred thousands digit of 1622005?
6
What is the hundred thousands digit of 328583?
3
What is the ten thousands digit of 450282?
5
What is the hundred thousands digit of 1547057?
5
What is the tens digit of 268106?
0
What is the thousands digit of 16693672?
3
What is the thousands digit of 585404?
5
What is the tens digit of 91107?
0
What is the tens digit of 340399?
9
What is the ten thousands digit of 41652?
4
What is the tens digit of 1175117?
1
What is the thousands digit of 603946?
3
What is the hundred thousands digit of 301589?
3
What is the ten thousands digit of 581321?
8
What is the hundreds digit of 183312?
3
What is the tens digit of 918053?
5
What is the tens digit of 462792?
9
What is the ten thousands digit of 24291307?
9
What is the hundreds digit of 186690?
6
What is the thousands digit of 442944?
2
What is the thousands digit of 2432016?
2
What is the units digit of 7686574?
4
What is the tens digit of 1343966?
6
What is the ten thousands digit of 466500?
6
What is the thousands digit of 772365?
2
What is the units digit of 2131357?
7
What is the tens digit of 1691136?
3
What is the tens digit of 203465?
6
What is the hundred thousands digit of 1691749?
6
What is the hundred thousands digit of 979955?
9
What is the ten thousands digit of 4166861?
6
What is the units digit of 522460?
0
What is the millions digit of 1129232?
1
What is the tens digit of 19421?
2
What is the hundred thousands digit of 4291312?
2
What is the tens digit of 7294854?
5
What is the units digit of 3681043?
3
What is the ten millions digit of 13149587?
1
What is the hundred thousands digit of 9423292?
4
What is the hundreds digit of 192950?
9
What is the hundreds digit of 318254?
2
What is the millions digit of 1191497?
1
What is the hundreds digit of 332407?
4
What is the tens digit of 247346?
4
What is the millions digit of 7382893?
7
What is the units digit of 1417443?
3
What is the tens digit of 238206?
0
What is the millions digit of 4775927?
4
What is the hundreds digit of 8301921?
9
What is the hundred thousands digit of 854194?
8
What is the tens digit of 4617745?
4
What is the hundreds digit of 2232?
2
What is the hundreds digit of 3667418?
4
What is the millions digit of 3272641?
3
What is the hundreds digit of 34837?
8
What is the hundreds digit of 1185538?
5
What is the units digit of 4264040?
0
What is the hundred thousands digit of 10809131?
8
What is the thousands digit of 63953?
3
What is the units digit of 15503303?
3
What is the hundreds digit of 139896?
8
What is the units digit of 5156180?
0
What is the hundred thousands digit of 501726?
5
What is the tens digit of 280349?
4
What is the tens digit of 479363?
6
What is the thousands digit of 301166?
1
What is the ten thousands digit of 1937849?
3
What is the tens digit of 4753339?
3
What is the ten thousands digit of 246009?
4
What is the thousands digit of 18268?
8
What is the tens digit of 348432?
3
What is the units digit of 594263?
3
What is the units digit of 105757?
7
What is the hundreds digit of 1115583?
5
What is the units digit of 43764?
4
What is the tens digit of 3604255?
5
What is the thousands digit of 430073?
0
What is the thousands digit of 361130?
1
What is the tens digit of 12801820?
2
What is the ten thousands digit of 189215?
8
What is the ten thousands digit of 8454709?
5
What is the thousands digit of 1882468?
2
What is the thousands digit of 706973?
6
What is the hundreds digit of 15332656?
6
What is the thousands digit of 14217745?
7
What is the hundreds digit of 13338041?
0
What is the ten thousands digit of 26587709?
8
What is the units digit of 965411?
1
What is the hundred thousands digit of 533833?
5
What is the tens digit of 4583827?
2
What is the millions digit of 9020982?
9
What is the hundreds digit of 507755?
7
What is the hundreds digit of 3149620?
6
What is the tens digit of 5838097?
9
What is the tens digit of 159072?
7
What is the units digit of 232525?
5
What is the ten thousands digit of 264743?
6
What is the units digit of 5090291?
1
What is the hundred thousands digit of 1281677?
2
What is the tens digit of 1233546?
4
What is the thousands digit of 1377624?
7
What is the thousands digit of 2880?
2
What is the ten thousands digit of 413999?
1
What is the hundred thousands digit of 5349158?
3
What is the ten thousands digit of 658483?
5
What is the hundreds digit of 1081105?
1
What is the ten thousands digit of 514097?
1
What is the thousands digit of 3086549?
6
What is the ten thousands digit of 6097021?
9
What is the tens digit of 160152?
5
What is the ten thousands digit of 21534916?
3
What is the hundreds digit of 9021231?
2
What is the ten thousands digit of 67300?
6
What is the hundred thousands digit of 603992?
6
What is the thousands digit of 2001357?
1
What is the thousands digit of 18461?
8
What is the millions digit of 1555543?
1
What is the thousands digit of 252973?
2
What is the millions digit of 9341573?
9
What is the units digit of 889275?
5
What is the tens digit of 1078772?
7
What is the ten thousands digit of 1719212?
1
What is the units digit of 759372?
2
What is the units digit of 50522?
2
What is the tens digit of 2199043?
4
What is the hundreds digit of 870563?
5
What is the hundred thousands digit of 3602571?
6
What is the hundreds digit of 632808?
8
What is the millions digit of 1506934?
1
What is the thousands digit of 117568?
7
What is the units digit of 52778?
8
What is the hundred thousands digit of 140353?
1
What is the thousands digit of 617931?
7
What is the hundreds digit of 610404?
4
What is the hundreds digit of 5483774?
7
What is the hundred thousands digit of 520784?
5
What is the ten millions digit of 40329622?
4
What is the hundred thousands digit of 5153767?
1
What is the thousands digit of 354027?
4
What is the hundreds digit of 115149?
1
What is the thousands digit of 3924845?
4
What is the millions digit of 14023509?
4
What is the hundred thousands digit of 8616693?
6
What is the hundreds digit of 23141872?
8
What is the tens digit of 8974797?
9
What is the hundred thousands digit of 184236?
1
What is the tens digit of 13134211?
1
What is the thousands digit of 5505898?
5
What is the hundred thousands digit of 3161388?
1
What is the thousands digit of 2103789?
3
What is